931847.
7, 13, 29933317
List the prime factors of 32275111.
11, 1373, 2137
What are the prime factors of 75931283?
75931283
What are the prime factors of 400664548?
2, 131, 764627
What are the prime factors of 5740440019?
5740440019
What are the prime factors of 78029834?
2, 39014917
What are the prime factors of 2394676343?
19, 126035597
List the prime factors of 667799127.
3, 797, 31033
List the prime factors of 30674860.
2, 5, 1533743
List the prime factors of 736655939.
16883, 43633
What are the prime factors of 22176817?
13, 397, 4297
List the prime factors of 290229012.
2, 3, 1723, 4679
List the prime factors of 307002055.
5, 41, 1497571
List the prime factors of 4961622840.
2, 3, 5, 1291, 32027
What are the prime factors of 316409958?
2, 3, 17578331
List the prime factors of 78362697.
3, 7, 3731557
List the prime factors of 97426673.
97426673
List the prime factors of 2539279716.
2, 3, 47, 4502269
What are the prime factors of 59319491?
7, 11, 733, 1051
What are the prime factors of 1467837047?
1549, 947603
What are the prime factors of 16224881?
16224881
List the prime factors of 308015771.
7, 44002253
List the prime factors of 209225786.
2, 7, 11, 194087
List the prime factors of 128387689.
17, 241, 31337
List the prime factors of 1626123570.
2, 3, 5, 479, 113161
What are the prime factors of 2334159434?
2, 5531, 211007
What are the prime factors of 83953503?
3, 863, 1201
List the prime factors of 2718166983.
3, 7, 79, 167, 9811
List the prime factors of 15233961.
3, 29, 175103
What are the prime factors of 49139289?
3, 5459921
What are the prime factors of 6215254?
2, 653, 4759
List the prime factors of 4150619656.
2, 518827457
List the prime factors of 6951612.
2, 3, 23, 89, 283
List the prime factors of 833231000.
2, 5, 7, 119033
What are the prime factors of 61256077?
193, 433, 733
What are the prime factors of 187367127?
3, 62455709
List the prime factors of 160183022.
2, 367, 218233
What are the prime factors of 33077632?
2, 7, 19, 29, 67
List the prime factors of 448756113.
3, 13, 11506567
List the prime factors of 88806390.
2, 3, 5, 2960213
List the prime factors of 515058783.
3, 19, 383, 23593
List the prime factors of 3216315603.
3, 281, 3815321
List the prime factors of 57737307.
3, 41, 107
What are the prime factors of 2610289302?
2, 3, 10889, 39953
List the prime factors of 61342189.
37, 1657897
List the prime factors of 8787448.
2, 41, 73, 367
List the prime factors of 405198354.
2, 3, 11, 6139369
List the prime factors of 43366711.
17, 59, 43237
What are the prime factors of 172185027?
3, 7, 17, 73, 6607
List the prime factors of 293542324.
2, 19, 659, 5861
What are the prime factors of 88640926?
2, 11, 151, 26683
List the prime factors of 75494140.
2, 5, 3774707
What are the prime factors of 2736932013?
3, 304103557
List the prime factors of 306393865.
5, 61278773
List the prime factors of 88453691.
4493, 19687
List the prime factors of 88359146.
2, 23, 1920851
What are the prime factors of 1453159937?
31, 46876127
What are the prime factors of 74174199?
3, 11, 29, 179, 433
What are the prime factors of 8904665250?
2, 3, 5, 13, 304433
List the prime factors of 853051155.
3, 5, 11, 71, 72817
List the prime factors of 5831531229.
3, 41, 79, 173, 3469
List the prime factors of 329588560.
2, 5, 7, 409, 1439
What are the prime factors of 74488881?
3, 23, 37, 163, 179
List the prime factors of 3734301645.
3, 5, 82984481
What are the prime factors of 253436376?
2, 3, 10559849
List the prime factors of 32930151.
3, 10976717
What are the prime factors of 517381070?
2, 5, 761, 67987
List the prime factors of 42278315.
5, 73, 115831
What are the prime factors of 2807496713?
7, 1109, 361651
List the prime factors of 89235693.
3, 271, 36587
List the prime factors of 474298.
2, 11, 21559
List the prime factors of 150628286.
2, 3011, 25013
What are the prime factors of 7686315308?
2, 7, 67, 97, 42239
List the prime factors of 52570880.
2, 5, 67, 613
List the prime factors of 1251417128.
2, 13, 223, 53959
What are the prime factors of 82112907?
3, 17, 1610057
What are the prime factors of 1148898714?
2, 3, 23, 67, 137, 907
List the prime factors of 303070261.
13, 23313097
What are the prime factors of 138302220?
2, 3, 5, 7, 23, 103, 139
List the prime factors of 2657080732.
2, 3967, 167449
What are the prime factors of 291605006?
2, 7, 11, 1893539
What are the prime factors of 1061297828?
2, 17, 401, 38921
What are the prime factors of 412487478?
2, 3, 13, 195863
List the prime factors of 171622386.
2, 3, 13, 31, 59, 401
What are the prime factors of 1430167576?
2, 41, 4360267
List the prime factors of 3559666.
2, 11, 239, 677
List the prime factors of 206477288.
2, 73, 353557
What are the prime factors of 204492603?
3, 7, 53, 313, 587
List the prime factors of 301779067.
23, 37, 131, 2707
What are the prime factors of 4082881860?
2, 3, 5, 22682677
List the prime factors of 169868571.
3, 317, 178621
What are the prime factors of 1793332780?
2, 5, 89666639
What are the prime factors of 99490045?
5, 19898009
List the prime factors of 657768952.
2, 29, 2835211
What are the prime factors of 373213417?
47, 71, 97, 1153
List the prime factors of 316376832.
2, 3, 491, 839
List the prime factors of 181482552.
2, 3, 840197
What are the prime factors of 566926569?
3, 11, 5726531
What are the prime factors of 5880884857?
29, 202789133
What are the prime factors of 2641058526?
2, 3, 431, 1021291
What are the prime factors of 448990269?
3, 7, 13, 1644653
List the prime factors of 4905046084.
2, 1226261521
List the prime factors of 72872835.
3, 5, 7, 139, 4993
List the prime factors of 15089682.
2, 3, 2514947
List the prime factors of 40436337.
3, 13478779
List the prime factors of 72626544.
2, 3, 56039
List the prime factors of 24214874.
2, 12107437
List the prime factors of 1020032384.
2, 7, 1138429
What are the prime factors of 1051990535?
5, 1613, 130439
What are the prime factors of 20385682?
2, 23, 443167
List the prime factors of 265101511.
265101511
What are the prime factors of 85406683?
85406683
What are the prime factors of 539868744?
2, 3, 367, 20431
What are the prime factors of 263039254?
2, 131519627
List the prime factors of 1420080357.
3, 53, 443, 20161
What are the prime factors of 16074548?
2, 7, 82013
List the prime factors of 75617329.
75617329
What are the prime factors of 5616785142?
2, 3, 17, 233, 78779
What are the prime factors of 2090423246?
2, 1045211623
List the prime factors of 2525167206.
2, 3, 140287067
What are the prime factors of 1740737678?
2, 17, 457, 112031
List the prime factors of 121762980.
2, 3, 5, 443, 509
List the prime factors of 47419635.
3, 5, 3161309
List the prime factors of 97482385.
5, 7, 11, 13, 19477
List the prime factors of 59008334.
2, 7, 11, 383171
What are the prime factors of 805870?
2, 5, 13, 6199
List the prime factors of 3880568541.
3, 13339, 96973
List the prime factors of 130629106.
2, 65314553
What are the prime factors of 2227161959?
11, 17, 1553, 7669
List the prime factors of 9591859.
17, 564227
List the prime factors of 773444052.
2, 3, 53, 73, 617
What are the prime factors of 34877590?
2, 5, 11, 313, 1013
What are the prime factors of 944399247?
3, 11, 47, 608897
List the prime factors of 121903726.
2, 7, 23, 378583
What are the prime factors of 3436843269?
3, 1145614423
What are the prime factors of 334338607?
334338607
What are the prime factors of 4096524445?
5, 13, 5791, 10883
List the prime factors of 171269151.
3, 61, 199, 4703
What are the prime factors of 53089872?
2, 3, 11, 100549
List the prime factors of 3395447001.
3, 9041, 41729
List the prime factors of 12132093.
3, 4044031
List the prime factors of 6695711486.
2, 6529, 512767
List the prime factors of 33553478.
2, 7, 17, 8293
List the prime factors of 884153417.
7, 5641, 22391
What are the prime factors of 13798616?
2, 13, 132679
List the prime factors of 194675778.
2, 3, 11, 327737
List the prime factors of 94573763.
73, 17747
What are the prime factors of 68613295?
5, 41, 334699
List the prime factors of 3377409737.
13, 17, 1175569
What are the prime factors of 19303029?
3, 167, 1427
List the prime factors of 668756947.
23, 89, 326701
List the prime factors of 112926967.
1237, 91291
What are the prime facto